{"id":12,"date":"2025-09-24T14:27:26","date_gmt":"2025-09-24T14:27:26","guid":{"rendered":"https:\/\/rat-haus-praxis.ch\/?page_id=12"},"modified":"2025-10-08T10:09:42","modified_gmt":"2025-10-08T10:09:42","slug":"kontakt","status":"publish","type":"page","link":"https:\/\/rat-haus-praxis.ch\/?page_id=12","title":{"rendered":"Kontakt"},"content":{"rendered":"\n<p><\/p>\n\n\n\n<p>am Besten erreichen Sie mich via Mail.<\/p>\n\n\n\n<p><\/p>\n\n\n\n<p>eMail <a href=\"mailto:u.schwegler@rat-haus-praxis.ch\">u.schwegler@rat-haus-praxis.ch<\/a><br><\/p>\n\n\n\n<p><\/p>\n\n\n\n<p>Mobile, nur f\u00fcr Klienten verf\u00fcgbar<\/p>\n\n\n\n<p>Webseite <a href=\"http:\/\/www.rat-haus-praxis.ch\">www.rat-haus-praxis.ch<\/a><\/p>\n\n\n\n<p>Die Praxis befindet sich in den R\u00e4umlichkeiten der Paramed, Haldenstrasse 1, 6340 Baar, im ersten Stock. Lift  und Parkpl\u00e4tze vorhanden<\/p>\n\n\n\n<p>Beratungen sind nach Absprache auch in Solothurn und Savognin m\u00f6glich.<\/p>\n\n\n\n<figure class=\"wp-block-image size-full\"><img loading=\"lazy\" decoding=\"async\" width=\"612\" height=\"408\" src=\"https:\/\/rat-haus-praxis.ch\/wp-content\/uploads\/2025\/09\/istockphoto-1447185777-612x612-1.jpg\" alt=\"\" class=\"wp-image-81\" srcset=\"https:\/\/rat-haus-praxis.ch\/wp-content\/uploads\/2025\/09\/istockphoto-1447185777-612x612-1.jpg 612w, https:\/\/rat-haus-praxis.ch\/wp-content\/uploads\/2025\/09\/istockphoto-1447185777-612x612-1-300x200.jpg 300w\" sizes=\"auto, (max-width: 612px) 100vw, 612px\" \/><\/figure>\n\n\n\n<p><\/p>\n","protected":false},"excerpt":{"rendered":"<p>am Besten erreichen Sie mich via Mail. eMail u.schwegler@rat-haus-praxis.ch Mobile, nur f\u00fcr Klienten verf\u00fcgbar Webseite www.rat-haus-praxis.ch Die Praxis befindet sich in den R\u00e4umlichkeiten der Paramed, Haldenstrasse 1, 6340 Baar, im ersten Stock. Lift und Parkpl\u00e4tze vorhanden Beratungen sind nach Absprache auch in Solothurn und Savognin m\u00f6glich.<\/p>\n","protected":false},"author":1,"featured_media":81,"parent":14,"menu_order":5,"comment_status":"closed","ping_status":"closed","template":"","meta":{"footnotes":""},"class_list":["post-12","page","type-page","status-publish","has-post-thumbnail","hentry"],"yoast_head":"<!-- This site is optimized with the Yoast SEO plugin v26.0 - https:\/\/yoast.com\/wordpress\/plugins\/seo\/ -->\n<title>Kontakt - rat-haus-praxis<\/title>\n<meta name=\"robots\" content=\"index, follow, max-snippet:-1, max-image-preview:large, max-video-preview:-1\" \/>\n<link rel=\"canonical\" href=\"https:\/\/rat-haus-praxis.ch\/?page_id=12\" \/>\n<meta property=\"og:locale\" content=\"de_DE\" \/>\n<meta property=\"og:type\" content=\"article\" \/>\n<meta property=\"og:title\" content=\"Kontakt - rat-haus-praxis\" \/>\n<meta property=\"og:description\" content=\"am Besten erreichen Sie mich via Mail. eMail u.schwegler@rat-haus-praxis.ch Mobile, nur f\u00fcr Klienten verf\u00fcgbar Webseite www.rat-haus-praxis.ch Die Praxis befindet sich in den R\u00e4umlichkeiten der Paramed, Haldenstrasse 1, 6340 Baar, im ersten Stock. Lift und Parkpl\u00e4tze vorhanden Beratungen sind nach Absprache auch in Solothurn und Savognin m\u00f6glich.\" \/>\n<meta property=\"og:url\" content=\"https:\/\/rat-haus-praxis.ch\/?page_id=12\" \/>\n<meta property=\"og:site_name\" content=\"rat-haus-praxis\" \/>\n<meta property=\"article:modified_time\" content=\"2025-10-08T10:09:42+00:00\" \/>\n<meta property=\"og:image\" content=\"https:\/\/rat-haus-praxis.ch\/wp-content\/uploads\/2025\/09\/istockphoto-1447185777-612x612-1.jpg\" \/>\n\t<meta property=\"og:image:width\" content=\"612\" \/>\n\t<meta property=\"og:image:height\" content=\"408\" \/>\n\t<meta property=\"og:image:type\" content=\"image\/jpeg\" \/>\n<meta name=\"twitter:card\" content=\"summary_large_image\" \/>\n<meta name=\"twitter:label1\" content=\"Gesch\u00e4tzte Lesezeit\" \/>\n\t<meta name=\"twitter:data1\" content=\"1\u00a0Minute\" \/>\n<script type=\"application\/ld+json\" class=\"yoast-schema-graph\">{\"@context\":\"https:\/\/schema.org\",\"@graph\":[{\"@type\":\"WebPage\",\"@id\":\"https:\/\/rat-haus-praxis.ch\/?page_id=12\",\"url\":\"https:\/\/rat-haus-praxis.ch\/?page_id=12\",\"name\":\"Kontakt - rat-haus-praxis\",\"isPartOf\":{\"@id\":\"https:\/\/rat-haus-praxis.ch\/#website\"},\"primaryImageOfPage\":{\"@id\":\"https:\/\/rat-haus-praxis.ch\/?page_id=12#primaryimage\"},\"image\":{\"@id\":\"https:\/\/rat-haus-praxis.ch\/?page_id=12#primaryimage\"},\"thumbnailUrl\":\"https:\/\/rat-haus-praxis.ch\/wp-content\/uploads\/2025\/09\/istockphoto-1447185777-612x612-1.jpg\",\"datePublished\":\"2025-09-24T14:27:26+00:00\",\"dateModified\":\"2025-10-08T10:09:42+00:00\",\"breadcrumb\":{\"@id\":\"https:\/\/rat-haus-praxis.ch\/?page_id=12#breadcrumb\"},\"inLanguage\":\"de\",\"potentialAction\":[{\"@type\":\"ReadAction\",\"target\":[\"https:\/\/rat-haus-praxis.ch\/?page_id=12\"]}]},{\"@type\":\"ImageObject\",\"inLanguage\":\"de\",\"@id\":\"https:\/\/rat-haus-praxis.ch\/?page_id=12#primaryimage\",\"url\":\"https:\/\/rat-haus-praxis.ch\/wp-content\/uploads\/2025\/09\/istockphoto-1447185777-612x612-1.jpg\",\"contentUrl\":\"https:\/\/rat-haus-praxis.ch\/wp-content\/uploads\/2025\/09\/istockphoto-1447185777-612x612-1.jpg\",\"width\":612,\"height\":408,\"caption\":\"contact us icon (phone, email, mail ) on wood cube, customer service and support call center concept\"},{\"@type\":\"BreadcrumbList\",\"@id\":\"https:\/\/rat-haus-praxis.ch\/?page_id=12#breadcrumb\",\"itemListElement\":[{\"@type\":\"ListItem\",\"position\":1,\"name\":\"Startseite\",\"item\":\"https:\/\/rat-haus-praxis.ch\/\"},{\"@type\":\"ListItem\",\"position\":2,\"name\":\"rat-haus-praxis\",\"item\":\"https:\/\/rat-haus-praxis.ch\/\"},{\"@type\":\"ListItem\",\"position\":3,\"name\":\"Angebot\",\"item\":\"https:\/\/rat-haus-praxis.ch\/?page_id=225\"},{\"@type\":\"ListItem\",\"position\":4,\"name\":\"Beratung \/ Kosten\",\"item\":\"https:\/\/rat-haus-praxis.ch\/?page_id=14\"},{\"@type\":\"ListItem\",\"position\":5,\"name\":\"Kontakt\"}]},{\"@type\":\"WebSite\",\"@id\":\"https:\/\/rat-haus-praxis.ch\/#website\",\"url\":\"https:\/\/rat-haus-praxis.ch\/\",\"name\":\"rat-haus-praxis\",\"description\":\"ganzheitlich beraten mit Komplement\u00e4rmedizin\",\"potentialAction\":[{\"@type\":\"SearchAction\",\"target\":{\"@type\":\"EntryPoint\",\"urlTemplate\":\"https:\/\/rat-haus-praxis.ch\/?s={search_term_string}\"},\"query-input\":{\"@type\":\"PropertyValueSpecification\",\"valueRequired\":true,\"valueName\":\"search_term_string\"}}],\"inLanguage\":\"de\"}]}<\/script>\n<!-- \/ Yoast SEO plugin. -->","yoast_head_json":{"title":"Kontakt - rat-haus-praxis","robots":{"index":"index","follow":"follow","max-snippet":"max-snippet:-1","max-image-preview":"max-image-preview:large","max-video-preview":"max-video-preview:-1"},"canonical":"https:\/\/rat-haus-praxis.ch\/?page_id=12","og_locale":"de_DE","og_type":"article","og_title":"Kontakt - rat-haus-praxis","og_description":"am Besten erreichen Sie mich via Mail. eMail u.schwegler@rat-haus-praxis.ch Mobile, nur f\u00fcr Klienten verf\u00fcgbar Webseite www.rat-haus-praxis.ch Die Praxis befindet sich in den R\u00e4umlichkeiten der Paramed, Haldenstrasse 1, 6340 Baar, im ersten Stock. Lift und Parkpl\u00e4tze vorhanden Beratungen sind nach Absprache auch in Solothurn und Savognin m\u00f6glich.","og_url":"https:\/\/rat-haus-praxis.ch\/?page_id=12","og_site_name":"rat-haus-praxis","article_modified_time":"2025-10-08T10:09:42+00:00","og_image":[{"width":612,"height":408,"url":"https:\/\/rat-haus-praxis.ch\/wp-content\/uploads\/2025\/09\/istockphoto-1447185777-612x612-1.jpg","type":"image\/jpeg"}],"twitter_card":"summary_large_image","twitter_misc":{"Gesch\u00e4tzte Lesezeit":"1\u00a0Minute"},"schema":{"@context":"https:\/\/schema.org","@graph":[{"@type":"WebPage","@id":"https:\/\/rat-haus-praxis.ch\/?page_id=12","url":"https:\/\/rat-haus-praxis.ch\/?page_id=12","name":"Kontakt - rat-haus-praxis","isPartOf":{"@id":"https:\/\/rat-haus-praxis.ch\/#website"},"primaryImageOfPage":{"@id":"https:\/\/rat-haus-praxis.ch\/?page_id=12#primaryimage"},"image":{"@id":"https:\/\/rat-haus-praxis.ch\/?page_id=12#primaryimage"},"thumbnailUrl":"https:\/\/rat-haus-praxis.ch\/wp-content\/uploads\/2025\/09\/istockphoto-1447185777-612x612-1.jpg","datePublished":"2025-09-24T14:27:26+00:00","dateModified":"2025-10-08T10:09:42+00:00","breadcrumb":{"@id":"https:\/\/rat-haus-praxis.ch\/?page_id=12#breadcrumb"},"inLanguage":"de","potentialAction":[{"@type":"ReadAction","target":["https:\/\/rat-haus-praxis.ch\/?page_id=12"]}]},{"@type":"ImageObject","inLanguage":"de","@id":"https:\/\/rat-haus-praxis.ch\/?page_id=12#primaryimage","url":"https:\/\/rat-haus-praxis.ch\/wp-content\/uploads\/2025\/09\/istockphoto-1447185777-612x612-1.jpg","contentUrl":"https:\/\/rat-haus-praxis.ch\/wp-content\/uploads\/2025\/09\/istockphoto-1447185777-612x612-1.jpg","width":612,"height":408,"caption":"contact us icon (phone, email, mail ) on wood cube, customer service and support call center concept"},{"@type":"BreadcrumbList","@id":"https:\/\/rat-haus-praxis.ch\/?page_id=12#breadcrumb","itemListElement":[{"@type":"ListItem","position":1,"name":"Startseite","item":"https:\/\/rat-haus-praxis.ch\/"},{"@type":"ListItem","position":2,"name":"rat-haus-praxis","item":"https:\/\/rat-haus-praxis.ch\/"},{"@type":"ListItem","position":3,"name":"Angebot","item":"https:\/\/rat-haus-praxis.ch\/?page_id=225"},{"@type":"ListItem","position":4,"name":"Beratung \/ Kosten","item":"https:\/\/rat-haus-praxis.ch\/?page_id=14"},{"@type":"ListItem","position":5,"name":"Kontakt"}]},{"@type":"WebSite","@id":"https:\/\/rat-haus-praxis.ch\/#website","url":"https:\/\/rat-haus-praxis.ch\/","name":"rat-haus-praxis","description":"ganzheitlich beraten mit Komplement\u00e4rmedizin","potentialAction":[{"@type":"SearchAction","target":{"@type":"EntryPoint","urlTemplate":"https:\/\/rat-haus-praxis.ch\/?s={search_term_string}"},"query-input":{"@type":"PropertyValueSpecification","valueRequired":true,"valueName":"search_term_string"}}],"inLanguage":"de"}]}},"_links":{"self":[{"href":"https:\/\/rat-haus-praxis.ch\/index.php?rest_route=\/wp\/v2\/pages\/12","targetHints":{"allow":["GET"]}}],"collection":[{"href":"https:\/\/rat-haus-praxis.ch\/index.php?rest_route=\/wp\/v2\/pages"}],"about":[{"href":"https:\/\/rat-haus-praxis.ch\/index.php?rest_route=\/wp\/v2\/types\/page"}],"author":[{"embeddable":true,"href":"https:\/\/rat-haus-praxis.ch\/index.php?rest_route=\/wp\/v2\/users\/1"}],"replies":[{"embeddable":true,"href":"https:\/\/rat-haus-praxis.ch\/index.php?rest_route=%2Fwp%2Fv2%2Fcomments&post=12"}],"version-history":[{"count":35,"href":"https:\/\/rat-haus-praxis.ch\/index.php?rest_route=\/wp\/v2\/pages\/12\/revisions"}],"predecessor-version":[{"id":289,"href":"https:\/\/rat-haus-praxis.ch\/index.php?rest_route=\/wp\/v2\/pages\/12\/revisions\/289"}],"up":[{"embeddable":true,"href":"https:\/\/rat-haus-praxis.ch\/index.php?rest_route=\/wp\/v2\/pages\/14"}],"wp:featuredmedia":[{"embeddable":true,"href":"https:\/\/rat-haus-praxis.ch\/index.php?rest_route=\/wp\/v2\/media\/81"}],"wp:attachment":[{"href":"https:\/\/rat-haus-praxis.ch\/index.php?rest_route=%2Fwp%2Fv2%2Fmedia&parent=12"}],"curies":[{"name":"wp","href":"https:\/\/api.w.org\/{rel}","templated":true}]}}